{"id":694,"date":"2026-05-01T17:16:36","date_gmt":"2026-05-01T15:16:36","guid":{"rendered":"https:\/\/aeroclubalbertmeaulte.site\/?page_id=694"},"modified":"2026-05-01T22:24:02","modified_gmt":"2026-05-01T20:24:02","slug":"newaccueil","status":"publish","type":"page","link":"https:\/\/aeroclubalbertmeaulte.site\/","title":{"rendered":"Bienvenue \u00e0 l&rsquo;ACAM !"},"content":{"rendered":"\n<div class=\"wp-block-media-text is-stacked-on-mobile\" style=\"grid-template-columns:41% auto\"><figure class=\"wp-block-media-text__media\"><img loading=\"lazy\" decoding=\"async\" width=\"683\" height=\"1024\" src=\"https:\/\/aeroclubalbertmeaulte.site\/wp-content\/uploads\/2026\/05\/Ecole-de-pilotage-683x1024-1.png\" alt=\"Affiche pr\u00e9sentant les activit\u00e9s du club\" class=\"wp-image-695 size-full\" srcset=\"https:\/\/aeroclubalbertmeaulte.site\/wp-content\/uploads\/2026\/05\/Ecole-de-pilotage-683x1024-1.png 683w, https:\/\/aeroclubalbertmeaulte.site\/wp-content\/uploads\/2026\/05\/Ecole-de-pilotage-683x1024-1-200x300.png 200w\" sizes=\"auto, (max-width: 683px) 100vw, 683px\" \/><\/figure><div class=\"wp-block-media-text__content\">\n<h2 class=\"wp-block-heading\">Bapt\u00eame de l&rsquo;air<\/h2>\n\n\n\n<p>Il s&rsquo;agit d&rsquo;un vol local (d\u00e9part et arriv\u00e9e Albert) r\u00e9alis\u00e9 en tant que passager dans un avion biplace ou quadriplace dont le pilote remplit les conditions fix\u00e9es par le d\u00e9cret 98-884 du 28 septembre 1998. Il aura une dur\u00e9e de 20 minutes. <\/p>\n\n\n\n<p>Profitez du printemps afin de d\u00e9couvrir notre magnifique r\u00e9gion vue du ciel. <\/p>\n\n\n\n<h2 class=\"wp-block-heading\">Instruction en vol<\/h2>\n\n\n\n<p>Vous r\u00eavez de devenir pilote ? Notre a\u00e9roclub, agr\u00e9\u00e9 DTO (Declared Training Organisation), vous propose une formation pratique et th\u00e9orique dispens\u00e9e par nos instructeurs. Vous pourrez ainsi obtenir <strong>ABL<\/strong> (Autorisation de Base LAPL), votre <strong>LAPL <\/strong>(Light Aircraft Pilot Licence) ou votre <strong>PPL <\/strong>(Private Pilot Licence) \u00e0 votre rythme.<\/p>\n\n\n\n<p>Motiv\u00e9 ? Le plus simple est de commencer par un vol d&rsquo;initiation avec un de nos instructeurs. <strong>Vous pilotez sous la supervision de l&rsquo;instructeur<\/strong> <strong>pendant 30 minutes<\/strong>.  <\/p>\n<\/div><\/div>\n\n\n\n<div class=\"wp-block-media-text has-media-on-the-right is-stacked-on-mobile\"><div class=\"wp-block-media-text__content\">\n<h2 class=\"wp-block-heading\">Le perfectionnement<\/h2>\n\n\n\n<p>Une fois membre du club, vous pourrez utiliser les avions du club en qualit\u00e9 de Commandant de Bord ou d&rsquo;\u00e9l\u00e8ve-pilote dans le respect de la r\u00e8glementation en vigueur et du r\u00e8glement du club. <\/p>\n<\/div><figure class=\"wp-block-media-text__media\"><img loading=\"lazy\" decoding=\"async\" width=\"1024\" height=\"683\" src=\"https:\/\/aeroclubalbertmeaulte.site\/wp-content\/uploads\/2026\/05\/colza-1024x683.jpeg\" alt=\"Notre Jodel se mariant avec un champ de colza\" class=\"wp-image-697 size-full\" srcset=\"https:\/\/aeroclubalbertmeaulte.site\/wp-content\/uploads\/2026\/05\/colza-1024x683.jpeg 1024w, https:\/\/aeroclubalbertmeaulte.site\/wp-content\/uploads\/2026\/05\/colza-300x200.jpeg 300w, https:\/\/aeroclubalbertmeaulte.site\/wp-content\/uploads\/2026\/05\/colza-768x512.jpeg 768w, https:\/\/aeroclubalbertmeaulte.site\/wp-content\/uploads\/2026\/05\/colza.jpeg 1536w\" sizes=\"auto, (max-width: 1024px) 100vw, 1024px\" \/><\/figure><\/div>\n\n\n\n<h2 class=\"wp-block-heading\">Une question ? Envie de r\u00e9server ? <\/h2>\n\n\n\n<p>Pour r\u00e9server un bapt\u00eame de l&rsquo;air ou un vol d&rsquo;initiation, compl\u00e9tez le formulaire ci-dessous ou consultez directement le <a href=\"https:\/\/enviedepiloter.fr\/presentation-des-passeports\/\" data-type=\"link\" data-id=\"https:\/\/enviedepiloter.fr\/presentation-des-passeports\/\">site de la FFA<\/a> (F\u00e9d\u00e9ration Fran\u00e7aise A\u00e9ronautique) afin de prendre connaissance des passeports propos\u00e9s ! <\/p>\n\n\n<div class=\"wpforms-container wpforms-container-full wpforms-block wpforms-block-b8c149df-0c19-446b-a0a2-1aa086ab1451\" id=\"wpforms-233\"><form id=\"wpforms-form-233\" class=\"wpforms-validate wpforms-form\" data-formid=\"233\" method=\"post\" enctype=\"multipart\/form-data\" action=\"\/index.php\/wp-json\/wp\/v2\/pages\/694\" data-token=\"1acd3c42a432378155e6368afeb35e2d\" data-token-time=\"1777723026\"><noscript class=\"wpforms-error-noscript\">Veuillez activer JavaScript dans votre navigateur pour remplir ce formulaire.<\/noscript><div class=\"wpforms-field-container\"><div id=\"wpforms-233-field_0-container\" class=\"wpforms-field wpforms-field-name\" data-field-id=\"0\"><label class=\"wpforms-field-label\">Nom <span class=\"wpforms-required-label\">*<\/span><\/label><div class=\"wpforms-field-row wpforms-field-medium\"><div class=\"wpforms-field-row-block wpforms-first wpforms-one-half\"><input type=\"text\" id=\"wpforms-233-field_0\" class=\"wpforms-field-name-first wpforms-field-required\" name=\"wpforms[fields][0][first]\" required><label for=\"wpforms-233-field_0\" class=\"wpforms-field-sublabel after\">Pr\u00e9nom<\/label><\/div><div class=\"wpforms-field-row-block wpforms-one-half\"><input type=\"text\" id=\"wpforms-233-field_0-last\" class=\"wpforms-field-name-last wpforms-field-required\" name=\"wpforms[fields][0][last]\" required><label for=\"wpforms-233-field_0-last\" class=\"wpforms-field-sublabel after\">Nom<\/label><\/div><\/div><\/div><div id=\"wpforms-233-field_1-container\" class=\"wpforms-field wpforms-field-email\" data-field-id=\"1\"><label class=\"wpforms-field-label\" for=\"wpforms-233-field_1\">E-mail <span class=\"wpforms-required-label\">*<\/span><\/label><input type=\"email\" id=\"wpforms-233-field_1\" class=\"wpforms-field-medium wpforms-field-required\" name=\"wpforms[fields][1]\" spellcheck=\"false\" required><\/div><div id=\"wpforms-233-field_2-container\" class=\"wpforms-field wpforms-field-textarea\" data-field-id=\"2\"><label class=\"wpforms-field-label\" for=\"wpforms-233-field_2\">Commentaire ou message <span class=\"wpforms-required-label\">*<\/span><\/label><textarea id=\"wpforms-233-field_2\" class=\"wpforms-field-medium wpforms-field-required\" name=\"wpforms[fields][2]\" required><\/textarea><\/div><\/div><!-- .wpforms-field-container --><div class=\"wpforms-submit-container\" ><input type=\"hidden\" name=\"wpforms[id]\" value=\"233\"><input type=\"hidden\" name=\"page_title\" value=\"\"><input type=\"hidden\" name=\"page_url\" value=\"https:\/\/aeroclubalbertmeaulte.site\/index.php\/wp-json\/wp\/v2\/pages\/694\"><input type=\"hidden\" name=\"url_referer\" value=\"\"><button type=\"submit\" name=\"wpforms[submit]\" id=\"wpforms-submit-233\" class=\"wpforms-submit\" data-alt-text=\"Envoi...\" data-submit-text=\"Envoyer\" aria-live=\"assertive\" value=\"wpforms-submit\">Envoyer<\/button><\/div><\/form><\/div>  <!-- .wpforms-container -->\n\n\n<h2 class=\"wp-block-heading\">Actualit\u00e9s<\/h2>\n\n\n\n<p>Pour suivre nos actualit\u00e9s et l&rsquo;actualit\u00e9 a\u00e9ronautique :<\/p>\n\n\n\n<ul class=\"wp-block-list\">\n<li><a href=\"https:\/\/www.facebook.com\/AEROCLUBALBERTMEAULTE\/\" data-type=\"link\" data-id=\"https:\/\/www.facebook.com\/AEROCLUBALBERTMEAULTE\/\">Facebook<\/a><\/li>\n\n\n\n<li>Instagram (en cours de construction &#8230;)<\/li>\n\n\n\n<li><a href=\"https:\/\/www.aerobuzz.fr\/\" data-type=\"link\" data-id=\"https:\/\/www.aerobuzz.fr\/\">Aerobuzz<\/a><\/li>\n<\/ul>\n\n\n\n<p><\/p>\n","protected":false},"excerpt":{"rendered":"<p>Bapt\u00eame de l&rsquo;air Il s&rsquo;agit d&rsquo;un vol local (d\u00e9part et arriv\u00e9e Albert) r\u00e9alis\u00e9 en tant que passager dans un avion biplace ou quadriplace dont le pilote remplit les conditions fix\u00e9es par le d\u00e9cret 98-884 du 28 septembre 1998. Il aura une dur\u00e9e de 20 minutes. Profitez du printemps afin de d\u00e9couvrir notre magnifique r\u00e9gion vue&#8230; <\/p>\n<div class=\"read-more\"><a href=\"https:\/\/aeroclubalbertmeaulte.site\/\">Lire la suite<\/a><\/div>\n","protected":false},"author":1,"featured_media":697,"parent":0,"menu_order":0,"comment_status":"closed","ping_status":"closed","template":"page-templates\/full-width.php","meta":{"footnotes":""},"class_list":["post-694","page","type-page","status-publish","has-post-thumbnail","hentry"],"_links":{"self":[{"href":"https:\/\/aeroclubalbertmeaulte.site\/index.php\/wp-json\/wp\/v2\/pages\/694","targetHints":{"allow":["GET"]}}],"collection":[{"href":"https:\/\/aeroclubalbertmeaulte.site\/index.php\/wp-json\/wp\/v2\/pages"}],"about":[{"href":"https:\/\/aeroclubalbertmeaulte.site\/index.php\/wp-json\/wp\/v2\/types\/page"}],"author":[{"embeddable":true,"href":"https:\/\/aeroclubalbertmeaulte.site\/index.php\/wp-json\/wp\/v2\/users\/1"}],"replies":[{"embeddable":true,"href":"https:\/\/aeroclubalbertmeaulte.site\/index.php\/wp-json\/wp\/v2\/comments?post=694"}],"version-history":[{"count":11,"href":"https:\/\/aeroclubalbertmeaulte.site\/index.php\/wp-json\/wp\/v2\/pages\/694\/revisions"}],"predecessor-version":[{"id":788,"href":"https:\/\/aeroclubalbertmeaulte.site\/index.php\/wp-json\/wp\/v2\/pages\/694\/revisions\/788"}],"wp:featuredmedia":[{"embeddable":true,"href":"https:\/\/aeroclubalbertmeaulte.site\/index.php\/wp-json\/wp\/v2\/media\/697"}],"wp:attachment":[{"href":"https:\/\/aeroclubalbertmeaulte.site\/index.php\/wp-json\/wp\/v2\/media?parent=694"}],"curies":[{"name":"wp","href":"https:\/\/api.w.org\/{rel}","templated":true}]}}