{"id":701,"date":"2026-05-01T17:20:08","date_gmt":"2026-05-01T15:20:08","guid":{"rendered":"https:\/\/aeroclubalbertmeaulte.site\/?page_id=701"},"modified":"2026-05-01T18:02:17","modified_gmt":"2026-05-01T16:02:17","slug":"coindespilotes","status":"publish","type":"page","link":"https:\/\/aeroclubalbertmeaulte.site\/index.php\/coindespilotes\/","title":{"rendered":"Le coin des pilotes"},"content":{"rendered":"\n<div class=\"wp-block-media-text is-stacked-on-mobile\"><figure class=\"wp-block-media-text__media\"><img loading=\"lazy\" decoding=\"async\" width=\"1024\" height=\"768\" src=\"https:\/\/aeroclubalbertmeaulte.site\/wp-content\/uploads\/2026\/05\/fgmxp-face-1-1024x768.jpg\" alt=\"\" class=\"wp-image-712 size-full\" srcset=\"https:\/\/aeroclubalbertmeaulte.site\/wp-content\/uploads\/2026\/05\/fgmxp-face-1-1024x768.jpg 1024w, https:\/\/aeroclubalbertmeaulte.site\/wp-content\/uploads\/2026\/05\/fgmxp-face-1-300x225.jpg 300w, https:\/\/aeroclubalbertmeaulte.site\/wp-content\/uploads\/2026\/05\/fgmxp-face-1-768x576.jpg 768w, https:\/\/aeroclubalbertmeaulte.site\/wp-content\/uploads\/2026\/05\/fgmxp-face-1-1536x1152.jpg 1536w, https:\/\/aeroclubalbertmeaulte.site\/wp-content\/uploads\/2026\/05\/fgmxp-face-1.jpg 2000w\" sizes=\"auto, (max-width: 1024px) 100vw, 1024px\" \/><\/figure><div class=\"wp-block-media-text__content\">\n<h2 class=\"wp-block-heading\">Pr\u00e9paration du vol <\/h2>\n\n\n\n<ul class=\"wp-block-list\">\n<li><a href=\"https:\/\/documents.ffa-aero.fr\/docs\/View\/508\" data-type=\"link\" data-id=\"https:\/\/documents.ffa-aero.fr\/docs\/View\/508\">M\u00e9mo du pilote VFR 2025-2026<\/a><\/li>\n\n\n\n<li>Site de <a href=\"https:\/\/aviation.meteo.fr\/login.php\" data-type=\"link\" data-id=\"https:\/\/aviation.meteo.fr\/login.php\">M\u00e9t\u00e9o-France<\/a> pour la m\u00e9t\u00e9orologie a\u00e9ronautique<\/li>\n\n\n\n<li><a href=\"https:\/\/online.aerogest.fr\/Connection\/logon\" data-type=\"link\" data-id=\"https:\/\/online.aerogest.fr\/Connection\/logon\">Aerogest<\/a> pour la r\u00e9servation de l&rsquo;appareil<\/li>\n\n\n\n<li><a href=\"https:\/\/sofia-briefing.aviation-civile.gouv.fr\/sofia\/pages\/homepage.html\" data-type=\"link\" data-id=\"https:\/\/sofia-briefing.aviation-civile.gouv.fr\/sofia\/pages\/homepage.html\">SOFIA-Briefing<\/a> pour la prise des NOTAMs et le d\u00e9p\u00f4t de plan de vol<\/li>\n\n\n\n<li>Site du <a href=\"https:\/\/www.sia.aviation-civile.gouv.fr\/\" data-type=\"link\" data-id=\"https:\/\/www.sia.aviation-civile.gouv.fr\/\">SIA<\/a> pour les cartes VAC, le visualisateur AIP, les SUP AIP, &#8230;<\/li>\n\n\n\n<li><a href=\"https:\/\/www.ffa-aero.fr\/WD170AWP\/WD170Awp.exe\/CONNECT\/SITEFFAPROD?_WWREFERER_=https%3A%2F%2Fwww.ffa-aero.fr%2FFR%2FFederation_Aeronautique.awp&amp;_WWNATION_=5&amp;_WW1STPAGE_=frm_icarus\" data-type=\"link\" data-id=\"https:\/\/www.ffa-aero.fr\/WD170AWP\/WD170Awp.exe\/CONNECT\/SITEFFAPROD?_WWREFERER_=https%3A%2F%2Fwww.ffa-aero.fr%2FFR%2FFederation_Aeronautique.awp&amp;_WWNATION_=5&amp;_WW1STPAGE_=frm_icarus\">Fiches ICARUS<\/a> (FFA)<\/li>\n<\/ul>\n<\/div><\/div>\n\n\n\n<div class=\"wp-block-media-text has-media-on-the-right is-stacked-on-mobile\"><div class=\"wp-block-media-text__content\">\n<h2 class=\"wp-block-heading\">Ressources diverses du pilote VFR<\/h2>\n\n\n\n<ul class=\"wp-block-list\">\n<li>Site de formation <a href=\"https:\/\/www.goodpilot.fr\/\" data-type=\"link\" data-id=\"https:\/\/www.goodpilot.fr\/\">Goodpilot<\/a><\/li>\n\n\n\n<li>Site de la <a href=\"https:\/\/www.ffa-aero.fr\/fr\/Federation_Aeronautique.awp\" data-type=\"link\" data-id=\"https:\/\/www.ffa-aero.fr\/fr\/Federation_Aeronautique.awp\">FFA<\/a> (pour la formation, les sports a\u00e9riens, les rappels sur les licences, &#8230;) <\/li>\n\n\n\n<li><a href=\"https:\/\/aviation.meteo.fr\/documentation\/guide_aviation.pdf\" data-type=\"link\" data-id=\"https:\/\/aviation.meteo.fr\/documentation\/guide_aviation.pdf\">Guide aviation M\u00e9t\u00e9o France<\/a> 2024<\/li>\n\n\n\n<li>Site du <a href=\"https:\/\/bea.aero\/\">BEA<\/a><\/li>\n\n\n\n<li><a href=\"https:\/\/securitedesvols.aero\/images\/articles\/2019\/initiatives\/FFA\/Guide_emport_passagers.pdf\" data-type=\"link\" data-id=\"https:\/\/securitedesvols.aero\/images\/articles\/2019\/initiatives\/FFA\/Guide_emport_passagers.pdf\">M\u00e9mo sur l&#8217;emport passager<\/a><\/li>\n\n\n\n<li><a href=\"https:\/\/www.ecologie.gouv.fr\/sites\/default\/files\/documents\/liste_medecins_examinateurs_agrees_dgac_classe_2.pdf\" data-type=\"link\" data-id=\"https:\/\/www.ecologie.gouv.fr\/sites\/default\/files\/documents\/liste_medecins_examinateurs_agrees_dgac_classe_2.pdf\">Liste<\/a> m\u00e9decins examinateurs agr\u00e9\u00e9s par la DGAC (Classe 2)<\/li>\n<\/ul>\n<\/div><figure class=\"wp-block-media-text__media\"><img loading=\"lazy\" decoding=\"async\" width=\"1024\" height=\"768\" src=\"https:\/\/aeroclubalbertmeaulte.site\/wp-content\/uploads\/2026\/05\/letouquet-1-1024x768.jpeg\" alt=\"\" class=\"wp-image-713 size-full\" srcset=\"https:\/\/aeroclubalbertmeaulte.site\/wp-content\/uploads\/2026\/05\/letouquet-1-1024x768.jpeg 1024w, https:\/\/aeroclubalbertmeaulte.site\/wp-content\/uploads\/2026\/05\/letouquet-1-300x225.jpeg 300w, https:\/\/aeroclubalbertmeaulte.site\/wp-content\/uploads\/2026\/05\/letouquet-1-768x576.jpeg 768w, https:\/\/aeroclubalbertmeaulte.site\/wp-content\/uploads\/2026\/05\/letouquet-1-1536x1152.jpeg 1536w, https:\/\/aeroclubalbertmeaulte.site\/wp-content\/uploads\/2026\/05\/letouquet-1-2048x1536.jpeg 2048w\" sizes=\"auto, (max-width: 1024px) 100vw, 1024px\" \/><\/figure><\/div>\n\n\n\n<div class=\"wp-block-media-text has-media-on-the-right is-stacked-on-mobile\"><div class=\"wp-block-media-text__content\">\n<h2 class=\"wp-block-heading\">Ressources diverses du pilote de l&rsquo;ACAM<\/h2>\n\n\n\n<ul class=\"wp-block-list\">\n<li><a href=\"http:\/\/aeroclubalbertmeaulte.site\/wp-content\/uploads\/2026\/05\/tableau-de-bord-FGMXP.png\" data-type=\"link\" data-id=\"http:\/\/aeroclubalbertmeaulte.site\/wp-content\/uploads\/2026\/05\/tableau-de-bord-FGMXP.png\">Tableau de bord du F-GMXP<\/a><\/li>\n\n\n\n<li><a href=\"https:\/\/aeroclubalbertmeaulte.site\/wp-content\/uploads\/2022\/08\/Manuel-de-vol-FGMXP-2022-pivote-1.pdf\" data-type=\"link\" data-id=\"https:\/\/aeroclubalbertmeaulte.site\/wp-content\/uploads\/2022\/08\/Manuel-de-vol-FGMXP-2022-pivote-1.pdf\">Manuel de vol du F-GMXP<\/a><\/li>\n\n\n\n<li>Fiche de pes\u00e9e du F-GMXP (\u00e0 venir &#8230;)<\/li>\n\n\n\n<li>C\/L du F-GMXP (\u00e0 venir &#8230;)<\/li>\n\n\n\n<li><a href=\"http:\/\/aeroclubalbertmeaulte.site\/wp-content\/uploads\/2026\/05\/tableau-de-bord-FPHUM-scaled.jpeg\" data-type=\"link\" data-id=\"http:\/\/aeroclubalbertmeaulte.site\/wp-content\/uploads\/2026\/05\/tableau-de-bord-FPHUM-scaled.jpeg\">Tableau de bord du F-PHUM<\/a><\/li>\n\n\n\n<li>Manuel de vol du F-PHUM (\u00e0 venir &#8230;)<\/li>\n\n\n\n<li>Fiche de pes\u00e9e du F-PHUM (\u00e0 venir &#8230;)<\/li>\n\n\n\n<li>C\/L du F-PHUM (\u00e0 venir &#8230;)<\/li>\n\n\n\n<li>Tableau de bord du F-GSRI (\u00e0 venir &#8230;)<\/li>\n\n\n\n<li>Manuel de vol du F-GSRI (\u00e0 venir &#8230;)<\/li>\n\n\n\n<li>Fiche de pes\u00e9e du F-GSRI (\u00e0 venir &#8230;)<\/li>\n\n\n\n<li>C\/L du F-GSRI (\u00e0 venir &#8230;)<\/li>\n\n\n\n<li><a href=\"https:\/\/www.aero-club-poitou.fr\/acp\/storage\/app\/media\/FHPPL%20-%20Guide_Garmin255A_french%20Rapide.pdf\" data-type=\"link\" data-id=\"https:\/\/www.aero-club-poitou.fr\/acp\/storage\/app\/media\/FHPPL%20-%20Guide_Garmin255A_french%20Rapide.pdf\">Mode d&#8217;emploi rapide<\/a> radio Garmin GNC 255<\/li>\n<\/ul>\n<\/div><figure class=\"wp-block-media-text__media\"><img loading=\"lazy\" decoding=\"async\" width=\"1024\" height=\"768\" src=\"http:\/\/aeroclubalbertmeaulte.site\/wp-content\/uploads\/2026\/05\/letouquet2-1024x768.jpeg\" alt=\"\" class=\"wp-image-709 size-full\" srcset=\"https:\/\/aeroclubalbertmeaulte.site\/wp-content\/uploads\/2026\/05\/letouquet2-1024x768.jpeg 1024w, https:\/\/aeroclubalbertmeaulte.site\/wp-content\/uploads\/2026\/05\/letouquet2-300x225.jpeg 300w, https:\/\/aeroclubalbertmeaulte.site\/wp-content\/uploads\/2026\/05\/letouquet2-768x576.jpeg 768w, https:\/\/aeroclubalbertmeaulte.site\/wp-content\/uploads\/2026\/05\/letouquet2-1536x1152.jpeg 1536w, https:\/\/aeroclubalbertmeaulte.site\/wp-content\/uploads\/2026\/05\/letouquet2-2048x1536.jpeg 2048w\" sizes=\"auto, (max-width: 1024px) 100vw, 1024px\" \/><\/figure><\/div>\n","protected":false},"excerpt":{"rendered":"<p>Pr\u00e9paration du vol M\u00e9mo du pilote VFR 2025-2026 Site de M\u00e9t\u00e9o-France pour la m\u00e9t\u00e9orologie a\u00e9ronautique Aerogest pour la r\u00e9servation de l&rsquo;appareil SOFIA-Briefing pour la prise des NOTAMs et le d\u00e9p\u00f4t de plan de vol Site du SIA pour les cartes VAC, le visualisateur AIP, les SUP AIP, &#8230; Fiches ICARUS (FFA) Ressources diverses du pilote&#8230; <\/p>\n<div class=\"read-more\"><a href=\"https:\/\/aeroclubalbertmeaulte.site\/index.php\/coindespilotes\/\">Lire la suite<\/a><\/div>\n","protected":false},"author":1,"featured_media":0,"parent":0,"menu_order":0,"comment_status":"closed","ping_status":"closed","template":"","meta":{"footnotes":""},"class_list":["post-701","page","type-page","status-publish","hentry"],"_links":{"self":[{"href":"https:\/\/aeroclubalbertmeaulte.site\/index.php\/wp-json\/wp\/v2\/pages\/701","targetHints":{"allow":["GET"]}}],"collection":[{"href":"https:\/\/aeroclubalbertmeaulte.site\/index.php\/wp-json\/wp\/v2\/pages"}],"about":[{"href":"https:\/\/aeroclubalbertmeaulte.site\/index.php\/wp-json\/wp\/v2\/types\/page"}],"author":[{"embeddable":true,"href":"https:\/\/aeroclubalbertmeaulte.site\/index.php\/wp-json\/wp\/v2\/users\/1"}],"replies":[{"embeddable":true,"href":"https:\/\/aeroclubalbertmeaulte.site\/index.php\/wp-json\/wp\/v2\/comments?post=701"}],"version-history":[{"count":10,"href":"https:\/\/aeroclubalbertmeaulte.site\/index.php\/wp-json\/wp\/v2\/pages\/701\/revisions"}],"predecessor-version":[{"id":791,"href":"https:\/\/aeroclubalbertmeaulte.site\/index.php\/wp-json\/wp\/v2\/pages\/701\/revisions\/791"}],"wp:attachment":[{"href":"https:\/\/aeroclubalbertmeaulte.site\/index.php\/wp-json\/wp\/v2\/media?parent=701"}],"curies":[{"name":"wp","href":"https:\/\/api.w.org\/{rel}","templated":true}]}}