{"id":722,"date":"2026-05-01T17:19:48","date_gmt":"2026-05-01T15:19:48","guid":{"rendered":"https:\/\/aeroclubalbertmeaulte.site\/?page_id=722"},"modified":"2026-05-01T18:02:02","modified_gmt":"2026-05-01T16:02:02","slug":"histoireduclub","status":"publish","type":"page","link":"https:\/\/aeroclubalbertmeaulte.site\/index.php\/histoireduclub\/","title":{"rendered":"Un petit retour dans le temps"},"content":{"rendered":"\n<h2 class=\"wp-block-heading\">Histoire du club<\/h2>\n\n\n\n<div class=\"wp-block-media-text is-stacked-on-mobile\"><figure class=\"wp-block-media-text__media\"><img loading=\"lazy\" decoding=\"async\" width=\"391\" height=\"479\" src=\"http:\/\/aeroclubalbertmeaulte.site\/wp-content\/uploads\/2020\/12\/Inauguration.jpg\" alt=\"\" class=\"wp-image-271 size-full\" srcset=\"https:\/\/aeroclubalbertmeaulte.site\/wp-content\/uploads\/2020\/12\/Inauguration.jpg 391w, https:\/\/aeroclubalbertmeaulte.site\/wp-content\/uploads\/2020\/12\/Inauguration-245x300.jpg 245w\" sizes=\"auto, (max-width: 391px) 100vw, 391px\" \/><\/figure><div class=\"wp-block-media-text__content\">\n<p>L\u2019A\u00e9ro Club Maurice Weiss a \u00e9t\u00e9 fond\u00e9 le 21 novembre 1931 sous l\u2019\u00e9gide d\u2019<a href=\"http:\/\/www.avionslegendaires.net\/biographie\/henri-potez\/\">Henry POTEZ<\/a>&nbsp;(inaugur\u00e9 le 27 Aout 1933). Maurice Weiss \u00e9tait un pilote r\u00e9ceptionnaire de la Soci\u00e9t\u00e9 des A\u00e9roplanes Henry Potez qui a trouv\u00e9 la mort le 13 novembre 1929 en convoyant un Potez 29 sanitaire de M\u00e9aulte au Centre d\u2019Essais en vol de Villacoublay par un plafond bas.<\/p>\n\n\n\n<p><br>L\u2019a\u00e9roclub se d\u00e9veloppe&nbsp;rapidement avec des sections \u00e0 Abbeville et P\u00e9ronne. En 1936, il participe \u00e0 l\u2019Aviation Populaire et forme des pilotes qui vont devenir pilotes militaires en 1939. La seconde guerre stoppe son activit\u00e9 jusqu\u2019en 1945, o\u00f9 il repart avec du mat\u00e9riel pr\u00eat\u00e9 par l\u2019Etat mais l\u2019ambiance n\u2019y est pas et il doit stopper en 1947.<\/p>\n<\/div><\/div>\n\n\n\n<p>En 1952, les candidats au vol vont \u00e0 Montdidier voler sur le D112 construit par M. Leblanc. Ce n\u2019est qu\u2019en mai 1963, apr\u00e8s une assembl\u00e9e G\u00e9n\u00e9rale \u00e0 la Mairie d\u2019Albert, que l&rsquo;a\u00e9roclub reprend vie officiellement, pr\u00e9sid\u00e9 par Jean Bouillez. Il compte alors 33 membres et rach\u00e8te \u00e0 Montdidier le D112 de M. Leblanc.<\/p>\n\n\n\n<p>En 1973, Pierre Lavoisier succ\u00e8de \u00e0 Jean Bouillez parti en retraite, le club compte alors plus de 60 membres qui volent sur 4 appareils\u00a0: un b\u00e9b\u00e9 Jodel, deux D112 et un DR300. En 1975, la section Vol \u00e0 Voile voit le jour avec un C800 et deux Nord 1300. Le remorqueur est le MS 892 du club. <\/p>\n\n\n\n<p>Le 5 f\u00e9vrier 2000, l\u2019association devient l\u2019AERO CLUB D\u2019ALBERT MEAULTE Maurice Weiss. Le 15 F\u00e9vrier 2014 Dominique Trencart succ\u00e8de \u00e0 Pierre Lavoisier \u00e0 la Pr\u00e9sidence du club.<\/p>\n\n\n\n<p>A la suite de la r\u00e9alisation de la piste en herbe au Sud des nouvelles installations, la section Vol \u00e0 Voile a pris son ind\u00e9pendance et est devenue le Planeur Club des Coquelicots (PCC) \u00a0qui s\u2019est implant\u00e9 au bord de la piste en herbe.<\/p>\n\n\n\n<p>Les a\u00e9romod\u00e9listes\u00a0utilisent un terrain am\u00e9nag\u00e9 sur la commune de Senlis le Sec afin de continuer leur activit\u00e9 sans interf\u00e9rer avec l\u2019a\u00e9roport.<\/p>\n\n\n\n<p>L\u2019emplacement de l\u2019actuelle piste date de 1947. Une piste en herbe existait auparavant dans le prolongement de l\u2019usine parall\u00e8lement \u00e0 son actuelle situation. Apr\u00e8s la guerre, huit Mosquitos avaient \u00e9t\u00e9 amen\u00e9s \u00e0 l\u2019usine POTEZ en pi\u00e8ces d\u00e9tach\u00e9es et avaient \u00e9t\u00e9 assembl\u00e9s pour rejoindre le sol d\u2019Angleterre. C\u2019est Geoffrey\u00a0<a href=\"http:\/\/www.avionslegendaires.net\/biographie\/geoffrey-de-havilland\/\">De Haviland<\/a>,\u00a0fils du c\u00e9l\u00e8bre constructeur qui fut charg\u00e9 de l\u2019op\u00e9ration de rapatriement. Au moment de sortir les appareils pour le voyage de retour, il s\u2019aper\u00e7ut que la piste en herbe ne convenait pas. Il fallut alors construire sp\u00e9cialement une piste de 1100 m\u00e8tres avec des plaques en fer pour permettre l\u2019envol des appareils. En 2007 la piste actuelle fut construite pour permettre \u00e0 l\u2019Airbus Beluga ST de se poser. <\/p>\n\n\n\n<h2 class=\"wp-block-heading\">Reportages au club <\/h2>\n\n\n\n<div class=\"wp-block-media-text has-media-on-the-right is-stacked-on-mobile\" style=\"grid-template-columns:auto 45%\"><div class=\"wp-block-media-text__content\">\n<p>Une <a href=\"https:\/\/www.youtube.com\/watch?v=8b5wniebli0\" data-type=\"link\" data-id=\"https:\/\/www.youtube.com\/watch?v=8b5wniebli0\">courte vid\u00e9o<\/a> de notre pr\u00e9sident d\u2019honneur M. Pierre Lavoisier (qui nous a quitt\u00e9 le 20 novembre 2021) lors de la visite d\u2019une \u00e9quipe de reporters britanniques (en 2011) \u00e0 l\u2019occasion de la travers\u00e9e de la Manche par un DH2. Il s\u2019agit d\u2019 une r\u00e9plique de l\u2019avion de Lanoe Hawker, l\u2019As anglais abattu par le Baron Rouge, Manfred Von Richthofen.<\/p>\n<\/div><figure class=\"wp-block-media-text__media\"><img loading=\"lazy\" decoding=\"async\" width=\"984\" height=\"739\" src=\"http:\/\/aeroclubalbertmeaulte.site\/wp-content\/uploads\/2020\/12\/DH2.jpg\" alt=\"\" class=\"wp-image-269 size-full\" srcset=\"https:\/\/aeroclubalbertmeaulte.site\/wp-content\/uploads\/2020\/12\/DH2.jpg 984w, https:\/\/aeroclubalbertmeaulte.site\/wp-content\/uploads\/2020\/12\/DH2-300x225.jpg 300w, https:\/\/aeroclubalbertmeaulte.site\/wp-content\/uploads\/2020\/12\/DH2-768x577.jpg 768w\" sizes=\"auto, (max-width: 984px) 100vw, 984px\" \/><\/figure><\/div>\n\n\n\n<div class=\"wp-block-media-text is-stacked-on-mobile\" style=\"grid-template-columns:33% auto\"><figure class=\"wp-block-media-text__media\"><img loading=\"lazy\" decoding=\"async\" width=\"791\" height=\"593\" src=\"http:\/\/aeroclubalbertmeaulte.site\/wp-content\/uploads\/2020\/12\/Radio.jpg\" alt=\"\" class=\"wp-image-272 size-full\" srcset=\"https:\/\/aeroclubalbertmeaulte.site\/wp-content\/uploads\/2020\/12\/Radio.jpg 791w, https:\/\/aeroclubalbertmeaulte.site\/wp-content\/uploads\/2020\/12\/Radio-300x225.jpg 300w, https:\/\/aeroclubalbertmeaulte.site\/wp-content\/uploads\/2020\/12\/Radio-768x576.jpg 768w\" sizes=\"auto, (max-width: 791px) 100vw, 791px\" \/><\/figure><div class=\"wp-block-media-text__content\">\n<p>Un <a href=\"https:\/\/onedrive.live.com\/?cid=B379348240445357&amp;id=B379348240445357%21535&amp;parId=B379348240445357%21532&amp;o=OneUp\" data-type=\"link\" data-id=\"https:\/\/onedrive.live.com\/?cid=B379348240445357&amp;id=B379348240445357%21535&amp;parId=B379348240445357%21532&amp;o=OneUp\">reportage radio<\/a> de la radio belge \u00ab\u00a0La Premi\u00e8re\u00a0\u00bb, les champs de bataille de la premi\u00e8re guerre au d\u00e9part de notre a\u00e9ro-club.<\/p>\n<\/div><\/div>\n\n\n\n<h2 class=\"wp-block-heading\">Un passage au grand \u00e9cran ! <\/h2>\n\n\n\n<div class=\"wp-block-media-text has-media-on-the-right is-stacked-on-mobile\" style=\"grid-template-columns:auto 34%\"><div class=\"wp-block-media-text__content\">\n<p>Sorti en \u00a02011, le film DE FORCE a \u00e9t\u00e9 partiellement tourn\u00e9 \u00e0 notre a\u00e9roclub (fin 2010). Les acteurs principaux sont Isabelle ADJANI et Eric CANTONA. A la fin du film et pendant 10 minutes, on peut \u00a0voir le Beluga qui d\u00e9colle de la piste d\u2019Albert M\u00e9aulte. Nos installations apparaissent au second plan et F-GSRI \u00a0s\u2019invite en \u00ab\u00a0guest star\u00a0\u00bb pendant un tr\u00e8s court instant. Quelques sc\u00e8nes ont \u00e9t\u00e9 tourn\u00e9es dans la tour de contr\u00f4le. Le film n\u2019a pas rencontr\u00e9 un grand succ\u00e8s commercial mais gr\u00e2ce \u00e0 lui nous sommes pass\u00e9s \u00e0 la post\u00e9rit\u00e9 !<\/p>\n\n\n\n<p>Si vous achetez ce DVD, vous pourrez visualiser les sc\u00e8nes tourn\u00e9es chez nous \u00e0 partir de 1h 16 de film pendant environ 10 minutes.<\/p>\n<\/div><figure class=\"wp-block-media-text__media\"><img loading=\"lazy\" decoding=\"async\" width=\"480\" height=\"720\" src=\"http:\/\/aeroclubalbertmeaulte.site\/wp-content\/uploads\/2020\/12\/De-Force.jpg\" alt=\"\" class=\"wp-image-277 size-full\" srcset=\"https:\/\/aeroclubalbertmeaulte.site\/wp-content\/uploads\/2020\/12\/De-Force.jpg 480w, https:\/\/aeroclubalbertmeaulte.site\/wp-content\/uploads\/2020\/12\/De-Force-200x300.jpg 200w\" sizes=\"auto, (max-width: 480px) 100vw, 480px\" \/><\/figure><\/div>\n\n\n\n<h2 class=\"wp-block-heading\">Archives diverses<\/h2>\n\n\n\n<ul class=\"wp-block-list\">\n<li>Vous trouverez sur l\u2019excellent site de Laurent Bailleul\u00a0<a href=\"http:\/\/www.anciens-aerodromes.com\/?p=2321\">Anciens A\u00e9rodromes<\/a>\u00a0un historique complet avec des photos anciennes de notre a\u00e9rodrome pr\u00e9f\u00e9r\u00e9<\/li>\n\n\n\n<li>Cliquez <a href=\"http:\/\/www.youtube.com\/watch?v=xOMg75L8FI4\" data-type=\"link\" data-id=\"http:\/\/www.youtube.com\/watch?v=xOMg75L8FI4\">ici<\/a> pour obtenir une\u00a0vid\u00e9o de l\u2019usine de M\u00e9aulte pendant l\u2019occupation\u00a0\u00a0\u00a0\u00a0\u00a0\u00a0\u00a0\u00a0\u00a0\u00a0\u00a0\u00a0\u00a0\u00a0\u00a0\u00a0\u00a0\u00a0\u00a0\u00a0\u00a0\u00a0\u00a0\u00a0\u00a0\u00a0\u00a0\u00a0\u00a0\u00a0\u00a0\u00a0\u00a0\u00a0\u00a0\u00a0<\/li>\n\n\n\n<li>Une interview d\u2019<a href=\"http:\/\/www.ina.fr\/video\/RCC8905090031\">Henry POTEZ en 1974<\/a><\/li>\n\n\n\n<li>Nostalgie et histoire :\u00a0<a href=\"http:\/\/aviateurs.e-monsite.com\/pages\/de-1939-a-1945\/le-petit-garcon-qui-regardait-passer-les-avions.html\">Le petit gar\u00e7on qui regardait passer les avions<\/a><\/li>\n<\/ul>\n","protected":false},"excerpt":{"rendered":"<p>Histoire du club L\u2019A\u00e9ro Club Maurice Weiss a \u00e9t\u00e9 fond\u00e9 le 21 novembre 1931 sous l\u2019\u00e9gide d\u2019Henry POTEZ&nbsp;(inaugur\u00e9 le 27 Aout 1933). Maurice Weiss \u00e9tait un pilote r\u00e9ceptionnaire de la Soci\u00e9t\u00e9 des A\u00e9roplanes Henry Potez qui a trouv\u00e9 la mort le 13 novembre 1929 en convoyant un Potez 29 sanitaire de M\u00e9aulte au Centre d\u2019Essais&#8230; <\/p>\n<div class=\"read-more\"><a href=\"https:\/\/aeroclubalbertmeaulte.site\/index.php\/histoireduclub\/\">Lire la suite<\/a><\/div>\n","protected":false},"author":1,"featured_media":0,"parent":0,"menu_order":0,"comment_status":"closed","ping_status":"closed","template":"page-templates\/full-width.php","meta":{"footnotes":""},"class_list":["post-722","page","type-page","status-publish","hentry"],"_links":{"self":[{"href":"https:\/\/aeroclubalbertmeaulte.site\/index.php\/wp-json\/wp\/v2\/pages\/722","targetHints":{"allow":["GET"]}}],"collection":[{"href":"https:\/\/aeroclubalbertmeaulte.site\/index.php\/wp-json\/wp\/v2\/pages"}],"about":[{"href":"https:\/\/aeroclubalbertmeaulte.site\/index.php\/wp-json\/wp\/v2\/types\/page"}],"author":[{"embeddable":true,"href":"https:\/\/aeroclubalbertmeaulte.site\/index.php\/wp-json\/wp\/v2\/users\/1"}],"replies":[{"embeddable":true,"href":"https:\/\/aeroclubalbertmeaulte.site\/index.php\/wp-json\/wp\/v2\/comments?post=722"}],"version-history":[{"count":8,"href":"https:\/\/aeroclubalbertmeaulte.site\/index.php\/wp-json\/wp\/v2\/pages\/722\/revisions"}],"predecessor-version":[{"id":756,"href":"https:\/\/aeroclubalbertmeaulte.site\/index.php\/wp-json\/wp\/v2\/pages\/722\/revisions\/756"}],"wp:attachment":[{"href":"https:\/\/aeroclubalbertmeaulte.site\/index.php\/wp-json\/wp\/v2\/media?parent=722"}],"curies":[{"name":"wp","href":"https:\/\/api.w.org\/{rel}","templated":true}]}}

<h2 class="wp-block-heading">Histoire du club</h2>



<div class="wp-block-media-text is-stacked-on-mobile"><figure class="wp-block-media-text__media"><img loading="lazy" decoding="async" width="391" height="479" src="http://aeroclubalbertmeaulte.site/wp-content/uploads/2020/12/Inauguration.jpg" alt="" class="wp-image-271 size-full" srcset="https://aeroclubalbertmeaulte.site/wp-content/uploads/2020/12/Inauguration.jpg 391w, https://aeroclubalbertmeaulte.site/wp-content/uploads/2020/12/Inauguration-245x300.jpg 245w" sizes="auto, (max-width: 391px) 100vw, 391px" /></figure><div class="wp-block-media-text__content">
<p>L’Aéro Club Maurice Weiss a été fondé le 21 novembre 1931 sous l’égide d’<a href="http://www.avionslegendaires.net/biographie/henri-potez/">Henry POTEZ</a>&nbsp;(inauguré le 27 Aout 1933). Maurice Weiss était un pilote réceptionnaire de la Société des Aéroplanes Henry Potez qui a trouvé la mort le 13 novembre 1929 en convoyant un Potez 29 sanitaire de Méaulte au Centre d’Essais en vol de Villacoublay par un plafond bas.</p>



<p><br>L’aéroclub se développe&nbsp;rapidement avec des sections à Abbeville et Péronne. En 1936, il participe à l’Aviation Populaire et forme des pilotes qui vont devenir pilotes militaires en 1939. La seconde guerre stoppe son activité jusqu’en 1945, où il repart avec du matériel prêté par l’Etat mais l’ambiance n’y est pas et il doit stopper en 1947.</p>
</div></div>



<p>En 1952, les candidats au vol vont à Montdidier voler sur le D112 construit par M. Leblanc. Ce n’est qu’en mai 1963, après une assemblée Générale à la Mairie d’Albert, que l&rsquo;aéroclub reprend vie officiellement, présidé par Jean Bouillez. Il compte alors 33 membres et rachète à Montdidier le D112 de M. Leblanc.</p>



<p>En 1973, Pierre Lavoisier succède à Jean Bouillez parti en retraite, le club compte alors plus de 60 membres qui volent sur 4 appareils : un bébé Jodel, deux D112 et un DR300. En 1975, la section Vol à Voile voit le jour avec un C800 et deux Nord 1300. Le remorqueur est le MS 892 du club. </p>



<p>Le 5 février 2000, l’association devient l’AERO CLUB D’ALBERT MEAULTE Maurice Weiss. Le 15 Février 2014 Dominique Trencart succède à Pierre Lavoisier à la Présidence du club.</p>



<p>A la suite de la réalisation de la piste en herbe au Sud des nouvelles installations, la section Vol à Voile a pris son indépendance et est devenue le Planeur Club des Coquelicots (PCC)  qui s’est implanté au bord de la piste en herbe.</p>



<p>Les aéromodélistes utilisent un terrain aménagé sur la commune de Senlis le Sec afin de continuer leur activité sans interférer avec l’aéroport.</p>



<p>L’emplacement de l’actuelle piste date de 1947. Une piste en herbe existait auparavant dans le prolongement de l’usine parallèlement à son actuelle situation. Après la guerre, huit Mosquitos avaient été amenés à l’usine POTEZ en pièces détachées et avaient été assemblés pour rejoindre le sol d’Angleterre. C’est Geoffrey <a href="http://www.avionslegendaires.net/biographie/geoffrey-de-havilland/">De Haviland</a>, fils du célèbre constructeur qui fut chargé de l’opération de rapatriement. Au moment de sortir les appareils pour le voyage de retour, il s’aperçut que la piste en herbe ne convenait pas. Il fallut alors construire spécialement une piste de 1100 mètres avec des plaques en fer pour permettre l’envol des appareils. En 2007 la piste actuelle fut construite pour permettre à l’Airbus Beluga ST de se poser. </p>



<h2 class="wp-block-heading">Reportages au club </h2>



<div class="wp-block-media-text has-media-on-the-right is-stacked-on-mobile" style="grid-template-columns:auto 45%"><div class="wp-block-media-text__content">
<p>Une <a href="https://www.youtube.com/watch?v=8b5wniebli0" data-type="link" data-id="https://www.youtube.com/watch?v=8b5wniebli0">courte vidéo</a> de notre président d’honneur M. Pierre Lavoisier (qui nous a quitté le 20 novembre 2021) lors de la visite d’une équipe de reporters britanniques (en 2011) à l’occasion de la traversée de la Manche par un DH2. Il s’agit d’ une réplique de l’avion de Lanoe Hawker, l’As anglais abattu par le Baron Rouge, Manfred Von Richthofen.</p>
</div><figure class="wp-block-media-text__media"><img loading="lazy" decoding="async" width="984" height="739" src="http://aeroclubalbertmeaulte.site/wp-content/uploads/2020/12/DH2.jpg" alt="" class="wp-image-269 size-full" srcset="https://aeroclubalbertmeaulte.site/wp-content/uploads/2020/12/DH2.jpg 984w, https://aeroclubalbertmeaulte.site/wp-content/uploads/2020/12/DH2-300x225.jpg 300w, https://aeroclubalbertmeaulte.site/wp-content/uploads/2020/12/DH2-768x577.jpg 768w" sizes="auto, (max-width: 984px) 100vw, 984px" /></figure></div>



<div class="wp-block-media-text is-stacked-on-mobile" style="grid-template-columns:33% auto"><figure class="wp-block-media-text__media"><img loading="lazy" decoding="async" width="791" height="593" src="http://aeroclubalbertmeaulte.site/wp-content/uploads/2020/12/Radio.jpg" alt="" class="wp-image-272 size-full" srcset="https://aeroclubalbertmeaulte.site/wp-content/uploads/2020/12/Radio.jpg 791w, https://aeroclubalbertmeaulte.site/wp-content/uploads/2020/12/Radio-300x225.jpg 300w, https://aeroclubalbertmeaulte.site/wp-content/uploads/2020/12/Radio-768x576.jpg 768w" sizes="auto, (max-width: 791px) 100vw, 791px" /></figure><div class="wp-block-media-text__content">
<p>Un <a href="https://onedrive.live.com/?cid=B379348240445357&amp;id=B379348240445357%21535&amp;parId=B379348240445357%21532&amp;o=OneUp" data-type="link" data-id="https://onedrive.live.com/?cid=B379348240445357&amp;id=B379348240445357%21535&amp;parId=B379348240445357%21532&amp;o=OneUp">reportage radio</a> de la radio belge « La Première », les champs de bataille de la première guerre au départ de notre aéro-club.</p>
</div></div>



<h2 class="wp-block-heading">Un passage au grand écran ! </h2>



<div class="wp-block-media-text has-media-on-the-right is-stacked-on-mobile" style="grid-template-columns:auto 34%"><div class="wp-block-media-text__content">
<p>Sorti en  2011, le film DE FORCE a été partiellement tourné à notre aéroclub (fin 2010). Les acteurs principaux sont Isabelle ADJANI et Eric CANTONA. A la fin du film et pendant 10 minutes, on peut  voir le Beluga qui décolle de la piste d’Albert Méaulte. Nos installations apparaissent au second plan et F-GSRI  s’invite en « guest star » pendant un très court instant. Quelques scènes ont été tournées dans la tour de contrôle. Le film n’a pas rencontré un grand succès commercial mais grâce à lui nous sommes passés à la postérité !</p>



<p>Si vous achetez ce DVD, vous pourrez visualiser les scènes tournées chez nous à partir de 1h 16 de film pendant environ 10 minutes.</p>
</div><figure class="wp-block-media-text__media"><img loading="lazy" decoding="async" width="480" height="720" src="http://aeroclubalbertmeaulte.site/wp-content/uploads/2020/12/De-Force.jpg" alt="" class="wp-image-277 size-full" srcset="https://aeroclubalbertmeaulte.site/wp-content/uploads/2020/12/De-Force.jpg 480w, https://aeroclubalbertmeaulte.site/wp-content/uploads/2020/12/De-Force-200x300.jpg 200w" sizes="auto, (max-width: 480px) 100vw, 480px" /></figure></div>



<h2 class="wp-block-heading">Archives diverses</h2>



<ul class="wp-block-list">
<li>Vous trouverez sur l’excellent site de Laurent Bailleul <a href="http://www.anciens-aerodromes.com/?p=2321">Anciens Aérodromes</a> un historique complet avec des photos anciennes de notre aérodrome préféré</li>



<li>Cliquez <a href="http://www.youtube.com/watch?v=xOMg75L8FI4" data-type="link" data-id="http://www.youtube.com/watch?v=xOMg75L8FI4">ici</a> pour obtenir une vidéo de l’usine de Méaulte pendant l’occupation                                    </li>



<li>Une interview d’<a href="http://www.ina.fr/video/RCC8905090031">Henry POTEZ en 1974</a></li>



<li>Nostalgie et histoire : <a href="http://aviateurs.e-monsite.com/pages/de-1939-a-1945/le-petit-garcon-qui-regardait-passer-les-avions.html">Le petit garçon qui regardait passer les avions</a></li>
</ul>

<p>Histoire du club L’Aéro Club Maurice Weiss a été fondé le 21 novembre 1931 sous l’égide d’Henry POTEZ&nbsp;(inauguré le 27 Aout 1933). Maurice Weiss était un pilote réceptionnaire de la Société des Aéroplanes Henry Potez qui a trouvé la mort le 13 novembre 1929 en convoyant un Potez 29 sanitaire de Méaulte au Centre d’Essais&#8230; </p>
<div class="read-more"><a href="https://aeroclubalbertmeaulte.site/index.php/histoireduclub/">Lire la suite</a></div>
